{"id":3357,"date":"2022-03-03T19:19:10","date_gmt":"2022-03-03T19:19:10","guid":{"rendered":"https:\/\/www.sus-gohr.de\/?page_id=3357"},"modified":"2023-07-06T16:39:54","modified_gmt":"2023-07-06T16:39:54","slug":"schiedsrichter-des-sus","status":"publish","type":"page","link":"https:\/\/www.sus-gohr.de\/index.php\/abteilungen\/schiedsrichter-des-sus\/","title":{"rendered":"Schiedsrichter des SuS Gohr"},"content":{"rendered":"\t\t<div data-elementor-type=\"wp-page\" data-elementor-id=\"3357\" class=\"elementor elementor-3357\" data-elementor-post-type=\"page\">\n\t\t\t\t\t\t<section class=\"elementor-section elementor-top-section elementor-element elementor-element-439976e elementor-section-boxed elementor-section-height-default elementor-section-height-default\" data-id=\"439976e\" data-element_type=\"section\" data-e-type=\"section\">\n\t\t\t\t\t\t<div class=\"elementor-container elementor-column-gap-default\">\n\t\t\t\t\t<div class=\"elementor-column elementor-col-100 elementor-top-column elementor-element elementor-element-179b003\" data-id=\"179b003\" data-element_type=\"column\" data-e-type=\"column\">\n\t\t\t<div class=\"elementor-widget-wrap elementor-element-populated\">\n\t\t\t\t\t\t<div class=\"elementor-element elementor-element-adbd938 elementor-widget elementor-widget-spacer\" data-id=\"adbd938\" data-element_type=\"widget\" data-e-type=\"widget\" data-widget_type=\"spacer.default\">\n\t\t\t\t<div class=\"elementor-widget-container\">\n\t\t\t\t\t\t\t<div class=\"elementor-spacer\">\n\t\t\t<div class=\"elementor-spacer-inner\"><\/div>\n\t\t<\/div>\n\t\t\t\t\t\t<\/div>\n\t\t\t\t<\/div>\n\t\t\t\t<div class=\"elementor-element elementor-element-4accff3 elementor-widget elementor-widget-heading\" data-id=\"4accff3\" data-element_type=\"widget\" data-e-type=\"widget\" data-widget_type=\"heading.default\">\n\t\t\t\t<div class=\"elementor-widget-container\">\n\t\t\t\t\t<h2 class=\"elementor-heading-title elementor-size-default\">Die Schiedsrichter des SuS Gohr\n\n<\/h2>\t\t\t\t<\/div>\n\t\t\t\t<\/div>\n\t\t\t\t<div class=\"elementor-element elementor-element-1ae4532 elementor-widget elementor-widget-image\" data-id=\"1ae4532\" data-element_type=\"widget\" data-e-type=\"widget\" data-widget_type=\"image.default\">\n\t\t\t\t<div class=\"elementor-widget-container\">\n\t\t\t\t\t\t\t\t\t\t\t\t\t\t\t<img fetchpriority=\"high\" decoding=\"async\" width=\"768\" height=\"341\" src=\"https:\/\/www.sus-gohr.de\/wp-content\/uploads\/2022\/03\/Gruppenfoto-SR2-2-Medium-e1715682690660-768x341.jpg\" class=\"attachment-medium_large size-medium_large wp-image-3340\" alt=\"\" srcset=\"https:\/\/www.sus-gohr.de\/wp-content\/uploads\/2022\/03\/Gruppenfoto-SR2-2-Medium-e1715682690660-768x341.jpg 768w, https:\/\/www.sus-gohr.de\/wp-content\/uploads\/2022\/03\/Gruppenfoto-SR2-2-Medium-e1715682690660-300x133.jpg 300w, https:\/\/www.sus-gohr.de\/wp-content\/uploads\/2022\/03\/Gruppenfoto-SR2-2-Medium-e1715682690660-1024x455.jpg 1024w, https:\/\/www.sus-gohr.de\/wp-content\/uploads\/2022\/03\/Gruppenfoto-SR2-2-Medium-e1715682690660.jpg 1328w\" sizes=\"(max-width: 768px) 100vw, 768px\" \/>\t\t\t\t\t\t\t\t\t\t\t\t\t\t\t<\/div>\n\t\t\t\t<\/div>\n\t\t\t\t\t<\/div>\n\t\t<\/div>\n\t\t\t\t\t<\/div>\n\t\t<\/section>\n\t\t\t\t<section class=\"elementor-section elementor-top-section elementor-element elementor-element-327c946 elementor-section-boxed elementor-section-height-default elementor-section-height-default\" data-id=\"327c946\" data-element_type=\"section\" data-e-type=\"section\">\n\t\t\t\t\t\t<div class=\"elementor-container elementor-column-gap-default\">\n\t\t\t\t\t<div class=\"elementor-column elementor-col-100 elementor-top-column elementor-element elementor-element-118afbe\" data-id=\"118afbe\" data-element_type=\"column\" data-e-type=\"column\">\n\t\t\t<div class=\"elementor-widget-wrap elementor-element-populated\">\n\t\t\t\t\t\t<div class=\"elementor-element elementor-element-118294a elementor-widget elementor-widget-text-editor\" data-id=\"118294a\" data-element_type=\"widget\" data-e-type=\"widget\" data-widget_type=\"text-editor.default\">\n\t\t\t\t<div class=\"elementor-widget-container\">\n\t\t\t\t\t\t\t\t\t<p>v. l.: Thomas Jungverdorben, Tim Gaertzen, Nils Gaertzen, Jona Corsten<\/p><p>\u00a0<\/p>\t\t\t\t\t\t\t\t<\/div>\n\t\t\t\t<\/div>\n\t\t\t\t\t<\/div>\n\t\t<\/div>\n\t\t\t\t\t<\/div>\n\t\t<\/section>\n\t\t\t\t<section class=\"elementor-section elementor-top-section elementor-element elementor-element-68fafcd elementor-section-boxed elementor-section-height-default elementor-section-height-default\" data-id=\"68fafcd\" data-element_type=\"section\" data-e-type=\"section\">\n\t\t\t\t\t\t<div class=\"elementor-container elementor-column-gap-default\">\n\t\t\t\t\t<div class=\"elementor-column elementor-col-100 elementor-top-column elementor-element elementor-element-1e68e7f\" data-id=\"1e68e7f\" data-element_type=\"column\" data-e-type=\"column\">\n\t\t\t<div class=\"elementor-widget-wrap elementor-element-populated\">\n\t\t\t\t\t\t<div class=\"elementor-element elementor-element-6b0b4d0 elementor-widget elementor-widget-text-editor\" data-id=\"6b0b4d0\" data-element_type=\"widget\" data-e-type=\"widget\" data-widget_type=\"text-editor.default\">\n\t\t\t\t<div class=\"elementor-widget-container\">\n\t\t\t\t\t\t\t\t\t<p>Aktuell verf\u00fcgt der SuS Gohr \u00fcber vier aktive Schiedsrichter.<\/p><p><b>Thomas Jungverdorben <\/b>und <b>Tim Gaertzen <\/b>pfeifen schon seit einigen Jahren f\u00fcr den SuS Gohr und haben viel Spa\u00df bei ihrer Aus\u00fcbung im Schiedsrichteramt. <b>Nils Gaertzen <\/b>und <b>Jona Corsten <\/b>haben am 05.02.2022 erfolgreich ihre Eignungspr\u00fcfung zum Schiedsrichter bestanden. Dazu gratulieren wir ihnen recht herzlich.<\/p><p>Dass der SuS Gohr \u00fcber vier Schiedsrichter verf\u00fcgt ist toll, so muss doch jeder Verein seinen \u201eSchiedsrichter- soll\u201c erf\u00fcllen. Bei Nichterf\u00fcllen droht sonst eine Verbandsstrafe. Wir haben sogar einen \u00dcbersoll an Schiedsrichtern. Wir bieten unseren Schiedsrichtern jeder Zeit unsere Unterst\u00fctzung an. Die beiden neuen Jungschiedsrichter haben f\u00fcr ihren Start eine komplette Schiedsrichterausr\u00fcstung vom SuS Gohr erhalten.<\/p><p>Schiedsrichter zu sein, ist sicherlich nicht der einfachste Job auf dem Fu\u00dfballplatz. Man k\u00f6nnte es aber auch von der anderen Seite aus sehen! Als Schiedsrichter hat man das Sagen und alle tanzen nach deiner Pfeife! Zudem bekommt man Spesen f\u00fcr die geleiteten Spiel (im Jugendbereich zwischen 10-15 \u20ac pro Spiel und im Seniorenbereich geht es ab 20 \u20ac los plus Kilometergeld f\u00fcr An- und Abfahrt zu den Spielen). Auch bewegt man sich und tut somit etwas f\u00fcr die Gesundheit und das Soziale durch den Kontakt mit anderen Fu\u00dfballbegeisterten ist auch ganz angenehm.<\/p><p>Nachdem die Schiedsrichter ihre m\u00fcndliche und praktische Pr\u00fcfung abgelegt haben, fangen sie an, Spiele zusammen mit erfahrenen Schiedsrichtern zu leiten und werden so herangef\u00fchrt. Die Schiedsrichter des Rhein-Kreises Neuss treffen sich regelm\u00e4\u00dfig zu Lehrstunden um sich dort weiter fortzubilden und k\u00f6nnen sich dort auch austauschen. Zudem werden regelm\u00e4\u00dfig viele weitere Aktivit\u00e4ten der Geselligkeit im Schiedsrichter sein angeboten.<\/p><p>Haben wir jetzt euer Interesse geweckt, dann k\u00f6nnt ihr euch gerne melden. Nicht nur Jungen, sondern auch M\u00e4dchen ab 14 Jahren k\u00f6nnen Schiedsrichter werden, f\u00fcr Erwachsene ist das nat\u00fcrlich auch m\u00f6glich. Es gibt regelm\u00e4\u00dfig neue Schiedsrichter-Anw\u00e4rter-Lehrg\u00e4nge. Meldet euch gerne unter: info[at]sus-gohr.de<\/p>\t\t\t\t\t\t\t\t<\/div>\n\t\t\t\t<\/div>\n\t\t\t\t\t<\/div>\n\t\t<\/div>\n\t\t\t\t\t<\/div>\n\t\t<\/section>\n\t\t\t\t<\/div>\n\t\t","protected":false},"excerpt":{"rendered":"<p>Die Schiedsrichter des SuS Gohr v. l.: Thomas Jungverdorben, Tim Gaertzen, Nils Gaertzen, Jona Corsten \u00a0 Aktuell verf\u00fcgt der SuS Gohr \u00fcber vier aktive Schiedsrichter. Thomas Jungverdorben und Tim Gaertzen pfeifen schon seit einigen Jahren f\u00fcr den SuS Gohr und haben viel Spa\u00df bei ihrer Aus\u00fcbung im Schiedsrichteramt. Nils Gaertzen und Jona Corsten haben am [&hellip;]<\/p>\n","protected":false},"author":1,"featured_media":0,"parent":384,"menu_order":0,"comment_status":"closed","ping_status":"closed","template":"elementor_header_footer","meta":{"ocean_post_layout":"","ocean_both_sidebars_style":"","ocean_both_sidebars_content_width":0,"ocean_both_sidebars_sidebars_width":0,"ocean_sidebar":"0","ocean_second_sidebar":"0","ocean_disable_margins":"enable","ocean_add_body_class":"","ocean_shortcode_before_top_bar":"","ocean_shortcode_after_top_bar":"","ocean_shortcode_before_header":"","ocean_shortcode_after_header":"","ocean_has_shortcode":"","ocean_shortcode_after_title":"","ocean_shortcode_before_footer_widgets":"","ocean_shortcode_after_footer_widgets":"","ocean_shortcode_before_footer_bottom":"","ocean_shortcode_after_footer_bottom":"","ocean_display_top_bar":"default","ocean_display_header":"default","ocean_header_style":"","ocean_center_header_left_menu":"0","ocean_custom_header_template":"0","ocean_custom_logo":0,"ocean_custom_retina_logo":0,"ocean_custom_logo_max_width":0,"ocean_custom_logo_tablet_max_width":0,"ocean_custom_logo_mobile_max_width":0,"ocean_custom_logo_max_height":0,"ocean_custom_logo_tablet_max_height":0,"ocean_custom_logo_mobile_max_height":0,"ocean_header_custom_menu":"0","ocean_menu_typo_font_family":"0","ocean_menu_typo_font_subset":"","ocean_menu_typo_font_size":0,"ocean_menu_typo_font_size_tablet":0,"ocean_menu_typo_font_size_mobile":0,"ocean_menu_typo_font_size_unit":"px","ocean_menu_typo_font_weight":"","ocean_menu_typo_font_weight_tablet":"","ocean_menu_typo_font_weight_mobile":"","ocean_menu_typo_transform":"","ocean_menu_typo_transform_tablet":"","ocean_menu_typo_transform_mobile":"","ocean_menu_typo_line_height":0,"ocean_menu_typo_line_height_tablet":0,"ocean_menu_typo_line_height_mobile":0,"ocean_menu_typo_line_height_unit":"","ocean_menu_typo_spacing":0,"ocean_menu_typo_spacing_tablet":0,"ocean_menu_typo_spacing_mobile":0,"ocean_menu_typo_spacing_unit":"","ocean_menu_link_color":"","ocean_menu_link_color_hover":"","ocean_menu_link_color_active":"","ocean_menu_link_background":"","ocean_menu_link_hover_background":"","ocean_menu_link_active_background":"","ocean_menu_social_links_bg":"","ocean_menu_social_hover_links_bg":"","ocean_menu_social_links_color":"","ocean_menu_social_hover_links_color":"","ocean_disable_title":"default","ocean_disable_heading":"default","ocean_post_title":"","ocean_post_subheading":"","ocean_post_title_style":"","ocean_post_title_background_color":"","ocean_post_title_background":0,"ocean_post_title_bg_image_position":"","ocean_post_title_bg_image_attachment":"","ocean_post_title_bg_image_repeat":"","ocean_post_title_bg_image_size":"","ocean_post_title_height":0,"ocean_post_title_bg_overlay":0.5,"ocean_post_title_bg_overlay_color":"","ocean_disable_breadcrumbs":"default","ocean_breadcrumbs_color":"","ocean_breadcrumbs_separator_color":"","ocean_breadcrumbs_links_color":"","ocean_breadcrumbs_links_hover_color":"","ocean_display_footer_widgets":"default","ocean_display_footer_bottom":"default","ocean_custom_footer_template":"0","footnotes":""},"class_list":["post-3357","page","type-page","status-publish","hentry","entry"],"jetpack_sharing_enabled":true,"_links":{"self":[{"href":"https:\/\/www.sus-gohr.de\/index.php\/wp-json\/wp\/v2\/pages\/3357","targetHints":{"allow":["GET"]}}],"collection":[{"href":"https:\/\/www.sus-gohr.de\/index.php\/wp-json\/wp\/v2\/pages"}],"about":[{"href":"https:\/\/www.sus-gohr.de\/index.php\/wp-json\/wp\/v2\/types\/page"}],"author":[{"embeddable":true,"href":"https:\/\/www.sus-gohr.de\/index.php\/wp-json\/wp\/v2\/users\/1"}],"replies":[{"embeddable":true,"href":"https:\/\/www.sus-gohr.de\/index.php\/wp-json\/wp\/v2\/comments?post=3357"}],"version-history":[{"count":18,"href":"https:\/\/www.sus-gohr.de\/index.php\/wp-json\/wp\/v2\/pages\/3357\/revisions"}],"predecessor-version":[{"id":5924,"href":"https:\/\/www.sus-gohr.de\/index.php\/wp-json\/wp\/v2\/pages\/3357\/revisions\/5924"}],"up":[{"embeddable":true,"href":"https:\/\/www.sus-gohr.de\/index.php\/wp-json\/wp\/v2\/pages\/384"}],"wp:attachment":[{"href":"https:\/\/www.sus-gohr.de\/index.php\/wp-json\/wp\/v2\/media?parent=3357"}],"curies":[{"name":"wp","href":"https:\/\/api.w.org\/{rel}","templated":true}]}}

<div data-elementor-type="wp-page" data-elementor-id="3357" class="elementor elementor-3357" data-elementor-post-type="page">
						<section class="elementor-section elementor-top-section elementor-element elementor-element-439976e elementor-section-boxed elementor-section-height-default elementor-section-height-default" data-id="439976e" data-element_type="section" data-e-type="section">
						<div class="elementor-container elementor-column-gap-default">
					<div class="elementor-column elementor-col-100 elementor-top-column elementor-element elementor-element-179b003" data-id="179b003" data-element_type="column" data-e-type="column">
			<div class="elementor-widget-wrap elementor-element-populated">
						<div class="elementor-element elementor-element-adbd938 elementor-widget elementor-widget-spacer" data-id="adbd938" data-element_type="widget" data-e-type="widget" data-widget_type="spacer.default">
				<div class="elementor-widget-container">
							<div class="elementor-spacer">
			<div class="elementor-spacer-inner"></div>
		</div>
						</div>
				</div>
				<div class="elementor-element elementor-element-4accff3 elementor-widget elementor-widget-heading" data-id="4accff3" data-element_type="widget" data-e-type="widget" data-widget_type="heading.default">
				<div class="elementor-widget-container">
					<h2 class="elementor-heading-title elementor-size-default">Die Schiedsrichter des SuS Gohr

</h2>				</div>
				</div>
				<div class="elementor-element elementor-element-1ae4532 elementor-widget elementor-widget-image" data-id="1ae4532" data-element_type="widget" data-e-type="widget" data-widget_type="image.default">
				<div class="elementor-widget-container">
															<img fetchpriority="high" decoding="async" width="768" height="341" src="https://www.sus-gohr.de/wp-content/uploads/2022/03/Gruppenfoto-SR2-2-Medium-e1715682690660-768x341.jpg" class="attachment-medium_large size-medium_large wp-image-3340" alt="" srcset="https://www.sus-gohr.de/wp-content/uploads/2022/03/Gruppenfoto-SR2-2-Medium-e1715682690660-768x341.jpg 768w, https://www.sus-gohr.de/wp-content/uploads/2022/03/Gruppenfoto-SR2-2-Medium-e1715682690660-300x133.jpg 300w, https://www.sus-gohr.de/wp-content/uploads/2022/03/Gruppenfoto-SR2-2-Medium-e1715682690660-1024x455.jpg 1024w, https://www.sus-gohr.de/wp-content/uploads/2022/03/Gruppenfoto-SR2-2-Medium-e1715682690660.jpg 1328w" sizes="(max-width: 768px) 100vw, 768px" />															</div>
				</div>
					</div>
		</div>
					</div>
		</section>
				<section class="elementor-section elementor-top-section elementor-element elementor-element-327c946 elementor-section-boxed elementor-section-height-default elementor-section-height-default" data-id="327c946" data-element_type="section" data-e-type="section">
						<div class="elementor-container elementor-column-gap-default">
					<div class="elementor-column elementor-col-100 elementor-top-column elementor-element elementor-element-118afbe" data-id="118afbe" data-element_type="column" data-e-type="column">
			<div class="elementor-widget-wrap elementor-element-populated">
						<div class="elementor-element elementor-element-118294a elementor-widget elementor-widget-text-editor" data-id="118294a" data-element_type="widget" data-e-type="widget" data-widget_type="text-editor.default">
				<div class="elementor-widget-container">
									<p>v. l.: Thomas Jungverdorben, Tim Gaertzen, Nils Gaertzen, Jona Corsten</p><p> </p>								</div>
				</div>
					</div>
		</div>
					</div>
		</section>
				<section class="elementor-section elementor-top-section elementor-element elementor-element-68fafcd elementor-section-boxed elementor-section-height-default elementor-section-height-default" data-id="68fafcd" data-element_type="section" data-e-type="section">
						<div class="elementor-container elementor-column-gap-default">
					<div class="elementor-column elementor-col-100 elementor-top-column elementor-element elementor-element-1e68e7f" data-id="1e68e7f" data-element_type="column" data-e-type="column">
			<div class="elementor-widget-wrap elementor-element-populated">
						<div class="elementor-element elementor-element-6b0b4d0 elementor-widget elementor-widget-text-editor" data-id="6b0b4d0" data-element_type="widget" data-e-type="widget" data-widget_type="text-editor.default">
				<div class="elementor-widget-container">
									<p>Aktuell verfügt der SuS Gohr über vier aktive Schiedsrichter.</p><p><b>Thomas Jungverdorben </b>und <b>Tim Gaertzen </b>pfeifen schon seit einigen Jahren für den SuS Gohr und haben viel Spaß bei ihrer Ausübung im Schiedsrichteramt. <b>Nils Gaertzen </b>und <b>Jona Corsten </b>haben am 05.02.2022 erfolgreich ihre Eignungsprüfung zum Schiedsrichter bestanden. Dazu gratulieren wir ihnen recht herzlich.</p><p>Dass der SuS Gohr über vier Schiedsrichter verfügt ist toll, so muss doch jeder Verein seinen „Schiedsrichter- soll“ erfüllen. Bei Nichterfüllen droht sonst eine Verbandsstrafe. Wir haben sogar einen Übersoll an Schiedsrichtern. Wir bieten unseren Schiedsrichtern jeder Zeit unsere Unterstützung an. Die beiden neuen Jungschiedsrichter haben für ihren Start eine komplette Schiedsrichterausrüstung vom SuS Gohr erhalten.</p><p>Schiedsrichter zu sein, ist sicherlich nicht der einfachste Job auf dem Fußballplatz. Man könnte es aber auch von der anderen Seite aus sehen! Als Schiedsrichter hat man das Sagen und alle tanzen nach deiner Pfeife! Zudem bekommt man Spesen für die geleiteten Spiel (im Jugendbereich zwischen 10-15 € pro Spiel und im Seniorenbereich geht es ab 20 € los plus Kilometergeld für An- und Abfahrt zu den Spielen). Auch bewegt man sich und tut somit etwas für die Gesundheit und das Soziale durch den Kontakt mit anderen Fußballbegeisterten ist auch ganz angenehm.</p><p>Nachdem die Schiedsrichter ihre mündliche und praktische Prüfung abgelegt haben, fangen sie an, Spiele zusammen mit erfahrenen Schiedsrichtern zu leiten und werden so herangeführt. Die Schiedsrichter des Rhein-Kreises Neuss treffen sich regelmäßig zu Lehrstunden um sich dort weiter fortzubilden und können sich dort auch austauschen. Zudem werden regelmäßig viele weitere Aktivitäten der Geselligkeit im Schiedsrichter sein angeboten.</p><p>Haben wir jetzt euer Interesse geweckt, dann könnt ihr euch gerne melden. Nicht nur Jungen, sondern auch Mädchen ab 14 Jahren können Schiedsrichter werden, für Erwachsene ist das natürlich auch möglich. Es gibt regelmäßig neue Schiedsrichter-Anwärter-Lehrgänge. Meldet euch gerne unter: info[at]sus-gohr.de</p>								</div>
				</div>
					</div>
		</div>
					</div>
		</section>
				</div>

<p>Die Schiedsrichter des SuS Gohr v. l.: Thomas Jungverdorben, Tim Gaertzen, Nils Gaertzen, Jona Corsten   Aktuell verfügt der SuS Gohr über vier aktive Schiedsrichter. Thomas Jungverdorben und Tim Gaertzen pfeifen schon seit einigen Jahren für den SuS Gohr und haben viel Spaß bei ihrer Ausübung im Schiedsrichteramt. Nils Gaertzen und Jona Corsten haben am [&hellip;]</p>
